s 5 divide l(a)?
False
Suppose g = -0*g + 14. Let b(f) = -f**3 - 9*f**2 - 9*f - 12. Let n be b(-8). Does 12 divide n/g + 254/7?
True
Suppose -p = n - 5*p + 1, p = -3*n + 10. Suppose 0 = n*h - 255 - 84. Is 21 a factor of h?
False
Let q(x) = -x**2 + 8*x + 42. Does 42 divide q(0)?
True
Let z(m) = 9*m**2 + 2*m + 1. Let u(k) = -17*k**2 - 4*k - 1. Let y(n) = -3*u(n) - 5*z(n). Suppose 4*v + x + 13 - 1 = 0, 2*v + x = -8. Is 9 a factor of y(v)?
True
Suppose -5*c = 8*h - 3*h - 2580, 2580 = 5*c - 5*h. Is c a multiple of 22?
False
Let p(c) = c + 6. Let u be p(-6). Let v be (3 - 2)*(3 - u). Suppose -v*y + 174 = -45. Is y a multiple of 25?
False
Let o(z) = -z + 2. Let c be o(-2). Suppose 2 = -2*h + 2*u - 0, u + 14 = -c*h. Is (-24)/(-18) - 236/h a multiple of 16?
True
Let s(i) = 2*i**2 - 7*i - 11. Let f(n) = n + 16. Let d be f(-9). Does 20 divide s(d)?
False
Suppose -6*b = -b + 5*v + 10, 5*v + 12 = -4*b. Is 254/12 + ((-22)/(-12) - b) a multiple of 11?
False
Does 20 divide (-807)/(-3) + 3 + (4 - 10)?
False
Let d(o) = 37*o - 2. Let s = 29 - 27. Let g be d(s). Does 9 divide (g/10)/(5/50)?
True
Let m be 9/12 + (-9)/12. Suppose m = -2*c + 72 + 62. Let l = c + -43. Does 8 divide l?
True
Is (-42)/(-63) + -1 + 3332/6 a multiple of 4?
False
Let i be (-35)/(-105) - 1/3. Let j be -2*(0 - (0 - -140)). Suppose i = -36*s + 40*s - j. Is 10 a factor of s?
True
Let n(z) = -z + 5. Let k be n(-19). Suppose -k = -a - a. Suppose a*l - 210 = 9*l. Is 13 a factor of l?
False
Let b = 305 - 194. Suppose -3*g + 5*j = -b, 2*j - 3*j + 125 = 4*g. Let i = 49 - g. Is 5 a factor of i?
False
Let i be (1 - -2)/(24/176). Suppose 2*m + 2*m - 104 = 0. Let q = m + i. Is q a multiple of 12?
True
Let m be (1 + 3)*-3*10/(-24). Suppose 0 = -m*b + 38 + 47. Is b a multiple of 2?
False
Let r(f) = 5*f**2 - 19*f. Is r(-6) a multiple of 7?
True
Suppose 24*r - 40815 = -11679. Is r a multiple of 10?
False
Suppose -q + 851 = 194. Is q a multiple of 7?
False
Let g = 22 - 19. Suppose 310 = g*f + 2*f. Is f a multiple of 55?
False
Let z = 17 + -17. Suppose z = -6*y + y + 30. Does 2 divide y?
True
Is (312/(-60))/(1/(-305)) a multiple of 13?
True
Is 13 a factor of 28*39/6*2?
True
Suppose -3*p = 4*j - 31, -5*j + 4*p = -0*j - 31. Let r(s) be the third derivative of -s**6/120 + 2*s**5/15 - s**4/12 - 2*s**3/3 - 2*s**2. Does 18 divide r(j)?
False
Let v = -39 + 489. Is v a multiple of 10?
True
Let p(d) = -d**3 + 10*d**2 - 9*d + 2. Let i be p(9). Let u be 2/(1 - i/4). Does 5 divide (-2)/u*(2 + -16)?
False
Let d = -263 + 280. Is 5 a factor of d?
False
Suppose 2*r = -55 + 181. Let l = 63 + -44. Suppose 3*m = 2*z - r, 0 = z + 3*m - 2*m - l. Does 12 divide z?
True
Suppose -582*b = -587*b + 735. Is 15 a factor of b?
False
Suppose -2*g - 80 - 14 = -4*t, 108 = -3*g - 5*t. Let m = 92 + g. Is 3 a factor of m?
True
Let m(v) = -3*v**3 + 2*v**2 + 3*v - 2. Let a be m(-3). Suppose -2 = l - 5. Suppose -3*x = -2*s - l*s + 78, -4*s - 4*x = -a. Does 5 divide s?
False
Let h(c) be the third derivative of -3*c**6/40 - c**5/30 + c**4/8 + 2*c**3/3 + 7*c**2. Is 27 a factor of h(-2)?
False
Let o(c) = -c**2 - 16*c + 4. Let u(s) = -s - 10. Let i be u(0). Is 15 a factor of o(i)?
False
Suppose -37247 + 7175 = -21*y. Is y a multiple of 54?
False
Let r be 9/6*2 - -13. Let v be 0/((-4)/(-1)) + -7. Let h = r + v. Is 9 a factor of h?
True
Let z(m) be the second derivative of -m**3/3 - 13*m**2/2 - 15*m. Is 18 a factor of z(-16)?
False
Let q(w) be the third derivative of w**4/8 + 5*w**3/2 - 4*w**2. Is 39 a factor of q(8)?
True
Suppose 3*b = -3*l + 195, 4*b + 48*l = 52*l + 236. Is b even?
True
Suppose 52 = 3*w - 5*n, 4*w - 2*w - 5*n = 43. Let q = w - -19. Is q even?
True
Let g be (-138)/(-4)*48/9. Let y = -105 + g. Is 29 a factor of y?
False
Let s = -6 + 25. Suppose -m + s = -3*b, -118 = -5*m - b - 7. Does 3 divide m?
False
Suppose -4*w - 5*l = w + 30, -48 = 4*w - 4*l. Let f(q) = -q**2 - 4*q + 1. Let m be f(3). Let a = w - m. Does 11 divide a?
True
Let n(w) = -29*w - 70. Let x = -88 - -81. Does 7 divide n(x)?
True
Does 8 divide 10/30*(-2 - -1058)?
True
Let f(k) = 1 + 237*k**2 - k - 37*k**2 + 30*k**2. Does 12 divide f(1)?
False
Suppose 6*u + 140 = 8*u. Does 35 divide u?
True
Let j be 66/15 - 4/10. Suppose -4*w = -v + 83, j*v - 4*w - 128 = 168. Suppose 0 = -g + 3*h - 2*h + 16, 5*g + 4*h - v = 0. Is g a multiple of 15?
True
Let g(l) = -l**3 - 5*l**2 - 4*l - 1. Suppose 0 = 3*b + 4 + 8. Let k be g(b). Does 6 divide k/(-2)*-2 - -8?
False
Let r be (-84)/9 + 2/(-3). Let c be (r/(-4) + -3)*4. Is (-238)/7*(c + 1) a multiple of 8?
False
Suppose -4*w - 168 = -0*w - 5*h, 0 = w - h + 42. Let j be (-3)/5 + w/30. Is 10 a factor of (-12)/(-9)*(-51)/j?
False
Let l be 3/(24/(-214))*-4. Suppose 0 = -6*w + l + 337. Is 7 a factor of w?
False
Let l(p) = -3*p**3 + 9*p**2 + 92*p - 11. Does 11 divide l(-11)?
True
Suppose -6*l + 2*l + 300 = 0. Suppose -2*j + l = -7*j. Let x = j + 18. Is 2 a factor of x?
False
Suppose -6*o = -8*o - 240. Let v = o - -228. Is 27 a factor of v?
True
Let h be 26/8 - 6/24. Let g(q) = 10 - q**3 + 2*q**h - q + 6*q**2 - 16 - q. Is g(-6) a multiple of 4?
False
Let g be (-5 + (-402)/(-30))/((-1)/(-5)). Let q(p) = -p**2 + 5*p. Let l be q(3). Suppose -g - l = -4*b. Is 4 a factor of b?
True
Suppose -4*d + 2*l + 72 = -0*l, 2*d = -5*l + 60. Is (64/20 + 2)/(1/d) a multiple of 10?
False
Let g(j) = -2*j**3 - 4*j**2 - 5*j + 11. Let x be g(-5). Suppose -20*f - x = -22*f. Is 27 a factor of f?
False
Let c(d) = -13*d - 16. Let x be c(-22). Let q = x - 137. Is q a multiple of 19?
True
Suppose -8 = -2*r, 0 = y - 3*r + 18 + 9. Let f be (-4)/(-3)*y/(-10). Suppose -f*o = 4*o - 360. Is 15 a factor of o?
True
Suppose 75 = -a - 2*a. Let p = 18 + a. Does 11 divide (2 - -36) + 3 + p?
False
Suppose 1 - 13 = -4*n. Let f be n*(-4)/12*-5. Suppose f*x - 53 - 12 = 0. Is 4 a factor of x?
False
Let l = 25 - 21. Suppose -2*n - l*n + 1296 = 0. Suppose -n = -y - 3*y. Is y a multiple of 9?
True
Let j(x) = 206*x**2 + 2*x + 10. Does 13 divide j(3)?
False
Suppose 5*v - p - 284 = 0, -p - 94 = -4*v + 133. Is 5 a factor of v?
False
Is 4 a factor of (-2276)/(-30) + -6 + 276/45?
True
Let z = -7 - 18. Let s be 10/z - (-24)/10. Suppose 370 = s*w + 3*w. Is w a multiple of 21?
False
Suppose 0 = 5*k + 5*a - 10425, -10433 = -5*k - 0*a - a. Is 54 a factor of k?
False
Let n(a) = 5*a - 19. Let w be n(7). Suppose -78 = w*k - 22*k. Is k a multiple of 13?
True
Is 29 a factor of ((-145)/20)/((3/(-228))/1)?
True
Let g(x) be the third derivative of -1/120*x**6 - 1/8*x**4 + 0*x + 0 - 6*x**2 - 1/3*x**3 + 7/60*x**5. Does 8 divide g(6)?
True
Suppose 11818 = 28*c - 15510. Is 72 a factor of c?
False
Let a(z) = 78*z**2 - 1. Let w be a(-1). Let v = w - 1. Is v a multiple of 37?
False
Suppose n - 174*k - 1380 = -169*k, 0 = k + 1. Is 25 a factor of n?
True
Suppose 7*q - 4*k - 2124 = 4*q, -2*k = -4*q + 2822. Is q a multiple of 8?
True
Let i(p) = -p**3 - 7*p**2 - 9*p - 6. Let u = -10 - -5. Let a be i(u). Let w = 16 + a. Is 2 a factor of w?
False
Let u = 570 - -38. Is u a multiple of 8?
True
Suppose 3*w + 2*w = 20. Is 23 a factor of 93/w - (-3)/(48/(-4))?
True
Suppose 0 = -4*y - 5*k + 1167, 0 = -3*y + 8*y + 4*k - 1452. Is 6 a factor of y?
True
Let q(x) = 3*x**2 - 12*x - 25. Is q(9) a multiple of 5?
True
Let i be (-177)/(-9) + (-2)/3. Suppose 2*c + i = 1. Is ((-15)/c - -1)*24 a multiple of 15?
False
Let l(z) be the second derivative of 19*z**3/6 - 3*z**2/2 + z. Let x be l(7). Suppose 6*c = c + x. Does 6 divide c?
False
Let r = 20 - 31. Let d = 15 + r. Suppose -38 = -2*k - d*b, 37 = 3*k + b - 15. Does 17 divide k?
True
Suppose 0*x = x + 9. Let i = -2 - x. Suppose 0 = i*o - 5*o - 12. Does 3 divide o?
True
Suppose 34 + 20 = 3*y. Let z = 6 - y. Let o = z - -15. Does 3 divide o?
True
Let u = -1069 + 1759. Is 10 a factor of u?
True
Let h(a) = -a**3 + 9*a**2 - 5*a - 1. Let s be h(7). Let b = -14 + s. Is b a multiple of 8?
True
Suppose 0 = -16*z + 19*z - 129. Is z a multiple of 5?
False
Suppose -3*j + 60 = 2*j. Suppose v + j = 35. Is 23 a factor of v?
True
Let t be 22/(-3) + (-6)/9. Let w be (-18*(-4)/t)/(-1). Let r = 33 - w. Does 6 divide r?
True
Is 18 a factor of -4 + (1196 - 2)/6?
False
Let o(p) = p**2 - p + 2. Let r be (-48)/(-26) - (-2)/13. Let c be o(r). Is 19 a factor of ((-38)/c)/(13/(-26))?
True
Let x be ((-12)/(-10))/(4*(-9)/